s the units digit of y(p)?
6
Let y = 8 + -13. Let k(o) = -4*o - 5. What is the units digit of k(y)?
5
Let s(o) = o - 3. Let p be s(3). Suppose 0 = -p*n + 3*n - 63. Suppose -2*b = -5*b + n. What is the units digit of b?
7
Suppose -82 = 5*m - 512. What is the tens digit of m?
8
Let t = -60 + 100. What is the tens digit of t?
4
Let d be (-237)/(-21) + (-8)/28. Let p(m) = m**3 - 11*m**2 + 4*m - 5. What is the units digit of p(d)?
9
Suppose 0 = 2*c - 6. Suppose c*h = 27 + 3. What is the tens digit of h?
1
Let r = 11 + -8. Suppose -3*x - r = 0, 5*o - 4*x = -0*x + 69. What is the units digit of o?
3
Let x = -8 + 7. Let l(o) = o + 1. Let b be l(x). Suppose 4*i + 4*c - 40 = b, -i + 18 = -2*c + c. What is the tens digit of i?
1
Let b(x) = x**2 - 10*x - 15. What is the units digit of b(12)?
9
Let z(y) = -9*y - 9. Let q be z(-11). Suppose -2*p + 4*p = q. What is the units digit of p?
5
Let b = 33 + -20. What is the units digit of b?
3
Let a be (-111)/(-15) + 2/(-5). Let m = a - 0. What is the units digit of m?
7
Suppose -4*k - 28 = -0*k. Let q be (2/(-3))/(k/168). Let z = -3 + q. What is the units digit of z?
3
Let i = 24 - 46. What is the units digit of 6/4*i/(-3)?
1
Let q = 2 + -2. Let x be (10/(-15))/(2/(-6)). Suppose q = -s - s + x. What is the units digit of s?
1
Let v(r) = r**3 + 10*r**2 + 8*r + 5. Let y be 3/(-12) - (-105)/(-12). What is the units digit of v(y)?
4
Let j be (6/1)/(6/4). Let q = j + 1. What is the units digit of q?
5
Suppose 5*s - 6*s + 177 = 0. What is the units digit of s?
7
Let d be -1*(-105)/6*2. Suppose -n = 4*i - d, -3*i - n + 9 = -16. What is the units digit of 4/5 - (-2)/i?
1
Let b be (5/(-5))/(3/(-27)). Let r = b - -2. What is the tens digit of r?
1
Let i = 17 - -1. What is the units digit of (i/(-15))/((-6)/20)?
4
Let l = -9 - -13. What is the units digit of l/((-2)/(-3)*1)?
6
Suppose -10 = 3*p + 4*n, -3*p - 2*p - 3*n - 2 = 0. Suppose p + 2 = r. What is the units digit of r?
4
Let s = -4 + 12. Let h = 10 - s. What is the units digit of h?
2
Let v = 196 + -138. What is the units digit of v?
8
What is the tens digit of (424/(-6))/(8/(-12))?
0
Let t(r) = 3*r - 2. Let h = 6 - 4. What is the units digit of t(h)?
4
Suppose -y + 296 = -3*q + 8*q, q - 3*y - 72 = 0. What is the tens digit of q?
6
Suppose -3*t = 4*p - 29, -3*p - 4 = p. Suppose -9*m + t*m = 20. What is the tens digit of m?
1
Let y(o) = -o**3 - 8*o**2 - 10*o - 9. What is the units digit of y(-8)?
1
Let d be (4/(-7))/(8/(-56)). Suppose -d*y + 17 = -4*f - 63, 45 = 4*y + 3*f. What is the units digit of y?
5
Let l be (-9)/(-12)*-1*4. Let k = l + 7. What is the units digit of k?
4
Let t = 57 + -29. Let d be 312/(-14) + 8/t. What is the units digit of d/(-12) - 2/(-12)?
2
Let h be 3 - 2 - -2 - -2. Suppose -2*r + 18 = h*x - 0*r, -x - 4*r + 18 = 0. Suppose x*n = -3*y - n + 9, -3 = y + 4*n. What is the units digit of y?
5
Let n(s) = 7*s + 7. Let o be n(-4). What is the units digit of ((-90)/35)/(1/o)?
4
Let y be 1/((2/3)/(-2)). What is the tens digit of (17 + y)*1*3?
4
Let b = -11 - -82. What is the units digit of b?
1
Suppose a - 24 = -3*z - a, a - 24 = -3*z. What is the units digit of z?
8
Let t(d) = -d + 13. Let v be t(8). Suppose 4*z = -5*x + 4, -3*z + 2 = v*x + 4. Suppose p - z = -5*i, i - p = -i + 8. What is the units digit of i?
2
Suppose 4*d + 2*j - 54 = 0, -94 = -5*d + 3*j - 10. What is the tens digit of d?
1
Suppose 0 = -4*w - a - 253, 0*w = 3*w - 3*a + 201. What is the tens digit of (21/12)/((-4)/w)?
2
Let d(t) = t**2 - t + 7. Let b(f) = -3*f**2 + f - 15. Let z(o) = 2*b(o) + 5*d(o). Suppose 2*w + 12 = a + 6*w, -40 = 5*a - 5*w. What is the units digit of z(a)?
1
Let r(z) = 20*z - 2. Let i(v) = 7*v - 1. Let f(b) = 11*i(b) - 4*r(b). What is the units digit of f(-4)?
9
Suppose 3*o - 68 - 4 = 0. Suppose 0 = 6*z - 2*z - o. What is the units digit of z?
6
Let g be 13 + -1 - (0 - 0). Suppose 48 = 5*c - g. What is the tens digit of c?
1
Let w(f) = f**2 + 8*f + 8. Let l be w(-6). Let t = l - -4. Suppose -4*i + 8 = t, 2*i = 2*u + i. What is the units digit of u?
1
Let f(n) = 4*n**3 - 2*n**2 - 3*n + 9. What is the units digit of f(4)?
1
Suppose 38 = 3*t - 13. What is the tens digit of t?
1
What is the tens digit of (-142)/(-1) - (1 + -5)?
4
Suppose 0 = y + 5*t - 10, -5*y - 3*t - 60 = -0*t. Let j = -11 - y. What is the units digit of j/8*12*1?
6
Let o be ((-2)/1 + -3)/(-1). Suppose -2 = i, o*d + i + 4 = 22. What is the units digit of d?
4
Suppose 2*c - 12 = -c, 192 = 4*h - 3*c. What is the tens digit of h?
5
Suppose 2*v + 18 = 4*d, 4*d + 5*v = 12 - 1. What is the units digit of d?
4
Let a = 16 - 10. Let t(l) = 3*l + 2*l**2 + 1 - 2 - l**3 + a*l + 4*l**2. What is the units digit of t(7)?
3
What is the tens digit of 1/2 + (-86)/(-4)?
2
Let o be 8 + -2 + 2 + -3. Suppose 0 = 2*m + c - 7 - 6, o*c = -4*m + 35. What is the units digit of m?
5
Let z(o) = 8. Let j(k) = -1. Let b(a) = -6*j(a) - z(a). Let p(w) = -w - 1. Let r(x) = b(x) - 2*p(x). What is the units digit of r(1)?
2
Suppose -12 = -3*b + 72. What is the tens digit of b?
2
Let d = 28 + 2. What is the tens digit of d?
3
What is the tens digit of (-16)/32 + ((-153)/2)/(-3)?
2
Let v be ((-2)/6)/((-6)/270). Suppose -2*u + 7*u - v = 0. Suppose 10 = 2*c, -5*r + 0*r - u*c = -100. What is the units digit of r?
7
Let h(f) = -f**2 + 7*f - 4. Let i be h(6). Suppose i*g = -0*g + 52. What is the units digit of g?
6
Let q = 140 + -69. Let n = q + -44. What is the units digit of n?
7
Suppose -8*t - 39 = -9*t. What is the units digit of t?
9
Let p(w) = 10*w + 8. What is the tens digit of p(7)?
7
Suppose y = q + q - 1, 5*q = -5*y + 10. Let p be (25 - 1) + 2*y. Suppose -5*w = 2*o - 37, -2*w - 5*o + p = w. What is the units digit of w?
7
Let h be (2 - 4)*-7 - 0. Let q = h + -8. What is the units digit of q?
6
Suppose 3*g - i + 9 = 0, 2*i + 0*i = -5*g - 4. What is the units digit of g/(-2) + (-8)/(-4)?
3
Let h = 0 + 2. Suppose h*k = 6 - 0. Let i = 6 - k. What is the units digit of i?
3
Let t be 4/(-6)*1*-3. What is the units digit of 273/15 - t/10?
8
Let u(d) = d**3 - 13*d**2 + d - 7. Let h be u(13). What is the units digit of (2/h)/(2/6)?
1
Let g = -2 - -6. Let q be ((-4)/(-2))/(2/g). Suppose 5*c - 26 = -b, 6*c = q*b + 3*c - 35. What is the tens digit of b?
1
Let k(l) = 10*l**2 - 36. What is the units digit of k(-5)?
4
Let o = -24 - -13. Let d = -4 - o. Suppose -3*x = -d*x + 68. What is the units digit of x?
7
Let p(k) = 2*k + 5. Let h(w) = w + 3. Let m(a) = -5*h(a) + 3*p(a). What is the units digit of m(1)?
1
Let n(a) = -2*a**3 - a**2 + 3*a - 3. Let j(k) = 4*k**3 + 2*k**2 - 6*k + 5. Let y(z) = -6*j(z) - 11*n(z). What is the units digit of y(-2)?
9
Let d(u) = u**3 + 13*u**2 + 24*u + 24. What is the units digit of d(-10)?
4
Let g be -4 + 1 - (-3)/(9/6). Suppose -2*u + 30 = -6. What is the tens digit of (17 - g)*12/u?
1
What is the tens digit of ((-62)/4)/(7/(-14))?
3
Let z(g) = -2*g - 1. Let y be z(-7). Let v = y + -8. What is the units digit of v?
5
Let f be -10*(-5)/((-25)/(-6)). Suppose 3*w + 36 = -f. Let k = w - -22. What is the units digit of k?
6
Let d be 212/16 + (-9)/(-12). What is the tens digit of 1/7 + 320/d?
2
Suppose -2*l + 1 = 27. What is the units digit of (-1)/(-2 - -1) - l?
4
Let o(l) = l**3 - l - 3. Suppose 4*q - q = 0. Let b be o(q). Let x = 4 + b. What is the units digit of x?
1
Let r(b) be the second derivative of 0 - 1/6*b**3 - b + 13/2*b**2. What is the units digit of r(6)?
7
Let n be -11 - (-3)/(-6)*-2. Let b(l) = l**2 + 7*l - 11. What is the units digit of b(n)?
9
Let y = -7 - 4. Let j(l) = -l - 6. Let u be j(y). Suppose -4*z = -u*z + 16. What is the tens digit of z?
1
Let t(d) be the first derivative of d**3/3 + 2*d**2 + 6*d + 4. What is the units digit of t(-4)?
6
Let d(q) = 4*q - 4. Let u be d(3). Suppose 17 + u = 5*g. What is the units digit of g?
5
Let v(k) = k**2 - 8*k + 2. Let d be v(8). Let c(a) = a**d - 6*a**2 + 0*a**3 + 3 + a + a**3. What is the units digit of c(5)?
8
Let m be (-16)/(-20)*(-5)/(-2). Let o = m - -1. What is the units digit of o?
3
Suppose q - 4 = v, 3*q - 2*v + 4 = 7*q. Let r = 5 - q. What is the units digit of r?
3
Let g(j) = -j**3 + j**2 + j + 2. Let y be g(0). Suppose -1 = y*c - c. What is the units digit of 0 - c/((-2)/(-10))?
5
Suppose -l - 5 + 6 = 0. What is the units digit of ((-110)/(-2